6?
False
Does 196 divide 31980?
False
Is 117 a factor of 4837483?
False
Is 4169289 a multiple of 72?
False
Is 79 a factor of 664942?
False
Is 3837 a multiple of 7?
False
Is 65225 a multiple of 19?
False
Does 196 divide 2576224?
True
Does 233 divide 678860?
False
Does 552 divide 2157768?
True
Is 29 a factor of 158709?
False
Is 26320 a multiple of 47?
True
Is 289 a factor of 804630?
False
Is 638085 a multiple of 22?
False
Is 258715 a multiple of 5?
True
Is 28 a factor of 23513?
False
Does 5 divide 61431?
False
Is 11 a factor of 19977565?
False
Is 8 a factor of 40696?
True
Is 978 a factor of 1570668?
True
Is 84 a factor of 1487966?
False
Is 5 a factor of 3598790?
True
Is 272820 a multiple of 99?
False
Does 27 divide 1181628?
True
Does 587 divide 1193787?
False
Is 20 a factor of 14879420?
True
Is 1315884 a multiple of 6?
True
Is 186181 a multiple of 7?
False
Does 49 divide 14977?
False
Is 510 a factor of 1541854?
False
Is 1358976 a multiple of 29?
False
Is 94080 a multiple of 320?
True
Is 24 a factor of 20640?
True
Is 26 a factor of 88751?
False
Does 22 divide 26312?
True
Is 257 a factor of 3797689?
True
Is 1631802 a multiple of 8?
False
Is 275 a factor of 14361050?
True
Does 485 divide 18751070?
True
Does 24 divide 481920?
True
Is 13 a factor of 459708?
False
Does 264 divide 3490344?
True
Is 11 a factor of 21639277?
True
Is 82 a factor of 275028?
True
Does 29 divide 153007?
False
Is 987 a factor of 15570912?
True
Is 828 a factor of 5896531?
False
Does 157 divide 496042?
False
Is 493 a factor of 2223734?
False
Is 15 a factor of 6689150?
False
Does 44 divide 134772?
True
Is 7815726 a multiple of 38?
True
Is 7 a factor of 2940?
True
Is 41 a factor of 42927?
True
Does 59 divide 1091237?
False
Is 3844939 a multiple of 5?
False
Does 69 divide 2429973?
True
Does 170 divide 130733?
False
Does 34 divide 75131?
False
Is 814 a factor of 2347576?
True
Is 59 a factor of 3052483?
True
Does 7 divide 205415?
True
Is 7 a factor of 281515?
False
Is 217494 a multiple of 18?
True
Does 72 divide 363757?
False
Is 374 a factor of 10562134?
True
Is 179 a factor of 333492?
False
Is 5 a factor of 380634?
False
Is 29 a factor of 729188?
False
Does 32 divide 5951206?
False
Is 921999 a multiple of 20?
False
Is 63657 a multiple of 7?
False
Does 17 divide 2544961?
False
Does 21 divide 3898503?
True
Is 79 a factor of 1926603?
False
Does 98 divide 2888228?
False
Is 165 a factor of 302423?
False
Does 20 divide 3982477?
False
Does 97 divide 280330?
True
Is 452870 a multiple of 55?
True
Is 316554 a multiple of 42?
True
Is 86 a factor of 57104?
True
Is 9140 a multiple of 4?
True
Is 14055444 a multiple of 351?
True
Is 3517509 a multiple of 485?
False
Is 9 a factor of 1736163?
True
Is 18 a factor of 672318?
True
Does 148 divide 94575?
False
Is 72 a factor of 1116864?
True
Is 82 a factor of 91840?
True
Is 4427918 a multiple of 28?
False
Is 432954 a multiple of 414?
False
Is 4918072 a multiple of 21?
False
Is 27 a factor of 173880?
True
Is 2482260 a multiple of 66?
True
Does 7 divide 1477?
True
Does 26 divide 5563?
False
Does 13 divide 71048?
False
Is 217668 a multiple of 6?
True
Is 8795641 a multiple of 156?
False
Is 25 a factor of 31175?
True
Is 563586 a multiple of 123?
True
Does 22 divide 240614?
True
Is 682450 a multiple of 5?
True
Does 515 divide 4023249?
False
Does 11 divide 71256?
False
Is 49 a factor of 625311?
False
Is 125 a factor of 933750?
True
Is 2325416 a multiple of 8?
True
Is 453 a factor of 8533614?
True
Does 213 divide 645156?
False
Does 182 divide 194280?
False
Does 89 divide 100570?
True
Is 19 a factor of 333072?
False
Does 21 divide 56151?
False
Does 1244 divide 4996199?
False
Is 305732 a multiple of 7?
True
Does 14 divide 146545?
False
Does 84 divide 3297672?
True
Is 478246 a multiple of 43?
True
Is 151359 a multiple of 13?
True
Does 21 divide 152161?
False
Is 39231 even?
False
Does 43 divide 320307?
True
Does 366 divide 3082452?
True
Does 4 divide 71380?
True
Is 14 a factor of 54587?
False
Is 54 a factor of 720900?
True
Is 132 a factor of 69696?
True
Is 874043 a multiple of 130?
False
Is 20 a factor of 1576735?
False
Is 93 a factor of 6307446?
True
Is 222 a factor of 2072050?
False
Is 100991 a multiple of 94?
False
Does 108 divide 1139616?
True
Is 23 a factor of 912175?
False
Does 84 divide 43344?
True
Is 463 a factor of 397717?
True
Is 41883 a multiple of 69?
True
Is 16 a factor of 4009504?
True
Is 2811648 a multiple of 896?
True
Does 254 divide 290631?
False
Is 140 a factor of 228200?
True
Does 452 divide 3099816?
True
Is 116 a factor of 31088?
True
Is 113067 a multiple of 51?
True
Is 95259 a multiple of 113?
True
Is 4011240 a multiple of 334?
False
Is 83 a factor of 542322?
True
Does 23 divide 1246669?
True
Does 9 divide 1743552?
True
Does 6 divide 17179?
False
Does 4 divide 358816?
True
Is 303687 a multiple of 24?
False
Is 5 a factor of 6556890?
True
Is 2447280 a multiple of 20?
True
Does 12 divide 288332?
False
Is 287352 a multiple of 13?
True
Does 5 divide 5548805?
True
Is 493 a factor of 85535?
False
Is 315 a factor of 3068591?
False
Does 9 divide 905265?
True
Is 19 a factor of 423041?
False
Does 7 divide 160205?
False
Is 10 a factor of 627600?
True
Is 2434320 a multiple of 69?
True
Is 20 a factor of 3210002?
False
Is 28693396 a multiple of 11?
False
Is 2640 a multiple of 165?
True
Is 311856 a multiple of 219?
True
Is 206 a factor of 1300066?
True
Does 199 divide 12664281?
False
Is 563200 a multiple of 21?
False
Does 3 divide 55173?
True
Is 24703244 a multiple of 17?
True
Is 24 a factor of 82552?
False
Is 42175 a multiple of 47?
False
Is 22 a factor of 56760?
True
Is 390024 a multiple of 4?
True
Is 2 a factor of 721368?
True
Is 35264 a multiple of 19?
True
Is 205392 a multiple of 200?
False
Does 772 divide 1043744?
True
Does 340 divide 108120?
True
Does 95 divide 272301?
False
Is 914680 a multiple of 95?
False
Does 2461 divide 22970974?
True
Is 119778 a multiple of 67?
False
Is 7276520 a multiple of 5?
True
Is 2704152 a multiple of 12?
True
Is 28 a factor of 60517?
False
Does 166 divide 107010?
False
Is 5 a factor of 229015?
True
Is 28 a factor of 16732660?
True
Is 307 a factor of 357518?
False
Is 182 a factor of 700154?
True
Is 707031 a multiple of 9?
True
Is 4 a factor of 565366?
False
Does 18 divide 563338?
False
Is 24 a factor of 84864?
True
Is 22 a factor of 270314?
True
Is 219194 a multiple of 28?
False
Does 10 divide 24962310?
True
Does 170 divide 114810?
False
Does 7 divide 3695780?
False
Is 118066 a multiple of 13?
True
Is 180200 a multiple of 212?
True
Is 88 a factor of 84182?
False
Is 5351905 a multiple of 96?
False
Is 1200 a factor of 1729200?
True
Is 13 a factor of 14235?
True
Is 12737690 a multiple of 35?
True
Does 18 divide 53496?
True
Is 18 a factor of 6287231?
False
Does 58 divide 10434548?
True
Does 37 divide 7295993?
True
Does 41 divide 42832?
False
Does 10 divide 92531?
False
Is 540666 a multiple of 21?
True
Does 123 divide 7235?
False
Is 83 a factor of 548726?
False
Is 5634 a multiple of 7?
False
Is 4 a factor of 100096?
True
Does 159 divide 7148294?
False
Is 11 a factor of 47392?
False
Does 2 divide 47239?
False
Does 32 divide 340008?
False
Is 227975 a multiple of 3?
False
Does 54 divide 1927962?
True
Is 3680 a multiple of 8?
True
Is 13 a factor of 2827092?
False
Is 660810 a multiple of 6?
True
Does 79 divide 1740172?
False
Is 238 a factor of 1246644?
True
Is 8224385 a multiple of 13?
True
Does 350 divide 139986?
False
Is 6213861 a multiple of 9?
True
Is 121486 a multiple of 437?
True
Is 997920 a multiple of 16?
True
Does 17 divide 4209737?
False
Is 40 a factor of 334320?
True
Is 22 a factor of 118910?
True
Is 157928 a multiple of 76?
True
Is 137 a factor of 435183?
False
Is 38 a factor of 111758?
True
Does 10 divide 382230?
True
Does 26 divide 1706120?
True
Is 162 a factor of 528606?
True
Is 399835 a multiple of 49?
False
Is 16 a factor of 367984?
True
Is 78 a factor of 2342439?
False
Is 1178457 a multiple of 119?
True
Does 7 divide 453789?
True
Does 162 divide 1689012?
True
Is 1525602 a multiple of 6?
True
Does 33 divide 592086?
True
Does 19 divide 52832?
False
Is 4 a factor of 212033?
False
Is 1220633 a multiple of 126?
False
Does 150 divide 75750?
True
Is 2795811 a multiple of 23?
True
Is 962280 a multiple of 220?
True
Is 52 